 - 107*q**2. Determine j(-5).
4
Let t(x) = -x**2 - 10*x - 11. Let f be 13/((-572)/341) + 6/8. Calculate t(f).
10
Let r(z) be the second derivative of 2*z**3/3 - z**2/2 - 29*z. Let k = -32 - -31. Give r(k).
-5
Let w(c) = c**2 + 3*c - 7. Let l = -122 + 127. Suppose 2*v - 5*f = -27, -l = 2*v + 2*f + 1. Give w(v).
11
Let a be ((-30)/(-5))/(3 - 1). Let d(p) = 0 + 2*p**2 - 1 - p**a + 14*p - 13*p. Let w(o) = -3*o**3 + 2*o + 1. Let j be w(-1). What is d(j)?
1
Suppose -20 - 8 = -7*i. Let y = -2 + 3. Let o(a) = y - 5*a - 6 + 3*a. Give o(i).
-13
Let t be (14 + 0)*7/(-14). Let b be (-2)/4*2 + t. Let q(h) = 2*h + 7. Determine q(b).
-9
Let j = -32 - -77. Let c = j - 41. Let z(t) = t**3 - 3*t**2 - 6*t + 6. Calculate z(c).
-2
Let l(b) = -b - 15. Let m(p) = p**2 - 8*p + 8. Let w be m(6). Let q(h) = -h - 16. Let v(f) = w*q(f) + 5*l(f). Let d be v(-9). Let a(c) = c**2 - 2. Give a(d).
2
Let s(r) be the third derivative of -r**4/6 + r**3/3 - 117*r**2. What is s(-4)?
18
Let n(m) be the first derivative of m**5/15 + m**4/8 + m**3/6 - 3*m**2/2 + 10. Let d(w) be the second derivative of n(w). What is d(-2)?
11
Let q(l) = -l + 1. Let y be (-5)/2*(-354)/15. Suppose 31 = -5*v - y. Let f = v + 13. What is q(f)?
6
Let i(w) = -42*w**2 - 12*w - 26*w + w + 42 + 7*w**3 - 5*w. Let s(r) = r**2 + r - 1. Let o(h) = i(h) + 42*s(h). Suppose -3*k = -2 - 1. Determine o(k).
7
Let j be 4900/630 + (-2)/(-9). Let h(s) = -3*s + 19. Determine h(j).
-5
Let l(k) be the third derivative of k**5/60 - 3*k**4/8 - 7*k**3/6 + 29*k**2. Let u(c) = 2*c**2 - 17*c - 14. Let z(h) = 5*l(h) - 3*u(h). Calculate z(5).
12
Let f(n) be the second derivative of 3*n**5/10 - n**4/12 - 29*n. Let l = -111 + 110. Calculate f(l).
-7
Let i(y) = y**3 - 4*y**2 + 4*y + 3. Let n(b) = -3*b**3 + 12*b**2 - 14*b - 10. Let u(x) = 7*i(x) + 2*n(x). Let g = -5 + 7. Determine u(g).
-7
Let n be ((-288)/(-192))/(2/(-16)). Let a(h) = h**3 + 11*h**2 - 11*h + 17. Give a(n).
5
Let m(j) = j**3 - 12*j**2 - j + 6. Suppose 5*d = 2*z + 60, 5*d + 61 = -5*z + 121. Give m(d).
-6
Suppose 0 = -5*s + 2*l + 2, -s + 3*s + 2*l = 12. Let x(g) = 110*g**s - 110*g**2 + 1 + 8*g**3. Give x(1).
9
Let u(z) = -z - 1. Let g be 16/3 - 30*10/225. Give u(g).
-5
Suppose -2*c - 2*c = -4. Let m(f) be the first derivative of 11*f**3/3 + f**2 - f + 13. Give m(c).
12
Let f(d) = -2 - d**3 + 4*d**2 + 294*d - 582*d - 2 + 289*d - 1. Let g be (8/(-10) - 0)*-5. Determine f(g).
-1
Suppose 16*p = 14*p. Suppose -4*f + 3*g - 3 = 0, -f - 2*g + 16 - 3 = 0. Let x(n) = -11 + 5*n - f*n - 4*n + 3*n. Calculate x(p).
-11
Let p(n) be the first derivative of -5*n**2 + n - 467. Give p(-1).
11
Let t(c) = 3*c - 1. Suppose u + 4*u - 37 = -4*d, 5*d - 15 = 0. Determine t(u).
14
Suppose 0 = 102*s - 105*s - 18. Let t(h) be the second derivative of h**3/3 - 3*h**2/2 - 2*h. Give t(s).
-15
Suppose 0 = -5*h + 10, q - 25 = 6*q - 5*h. Let r(n) = 1. Let j(z) = 4*z - 4. Suppose -2 = t - 1. Let p(l) = t*j(l) - r(l). Calculate p(q).
15
Suppose -2*p + 10 = 0, 4*h = 8*h - 4*p - 28. Let r be -5 + (1/3)/(4/h). Let f(d) = d**2 + 5*d + 4. What is f(r)?
0
Let w be 12/(-64)*-4 + (-98)/(-8). Let o(h) = 2 - 24 + w - 2*h. Calculate o(-7).
5
Suppose 70 = 9*p + 7. Let o(g) = -6*g**2 - 3 - 9*g + 2*g - 2 + 0*g**3 + g**3. Calculate o(p).
-5
Let z(c) be the third derivative of -19*c**6/120 - c**4/24 + c**3/6 + c**2 - 44. Calculate z(1).
-19
Let b(l) = 6*l**3 + l + 1. Suppose 16*n + 36 = -2*n. Give b(n).
-49
Let t(f) = -3*f - 2. Suppose 2*u - 14 - 2 = 0. Suppose -7*s + 6*s + u = 0. Suppose -s = 5*h - h. Calculate t(h).
4
Suppose 25*w = 21*w + 40. Let j be (-5)/(50/52) - (-2)/w. Let b(p) = -p**3 - 5*p**2 - 2*p - 4. Give b(j).
6
Let j(p) = 1. Let d(q) = 4*q. Let o(z) = -d(z) - 5*j(z). Let h be (-130)/(-26) - (9 - (-2)/2). Give o(h).
15
Let f = -7 + 3. Let z(g) be the third derivative of -g**5/60 - g**4/24 - g**3/6 + 28*g**2 + 12. Determine z(f).
-13
Let s(v) = -12*v + 3. Suppose d - 4*n = 21, d + 2*n + 35 = 26. Determine s(d).
-9
Let x(y) = -3*y**2 - 8*y - 11. Let d be x(-1). Let n(c) = 4*c - 6. Determine n(d).
-30
Let o be 6/8 + 575/(-100) - -6. Let u(l) = -3*l**3 - 3*l**2 + 1. Determine u(o).
-5
Let m(r) be the second derivative of r**3/6 + 5*r**2 + 22*r. What is m(-6)?
4
Let y be 3 + (4 - 12/(-4)). Suppose u + y = 2. Let l = -13 - u. Let o(x) = -x**2 - 4*x + 7. Give o(l).
2
Suppose -a + 1 = -s, 0 = -s - s - 2*a + 2. Let q(c) = -26 - 29 - c**2 + 52 + 2*c + s*c**2. Let m = 1 + 1. Give q(m).
-3
Let g(h) = h - 16. Let x(i) = i**2 + 12*i + 31. Let t be x(-9). Suppose -5*p - 10 = -2*d, t*p + 3*d + d - 20 = 0. Calculate g(p).
-16
Let u(j) = j**2 - 9*j - 12. Let n be u(10). Let t be (n - 1) + 6 + 0. Let l(g) be the second derivative of -g**5/20 + g**4/4 + g**3/6 + 6*g. Determine l(t).
3
Let w(k) = 3*k + 131. Let o be w(-45). Let i(g) = g**3 + 2*g**2 - 9*g + 3. Determine i(o).
7
Let s(v) = 4*v**2 - 8*v - 17. Let z(y) = -17*y**2 + 31*y + 69. Let m(i) = 9*s(i) + 2*z(i). Calculate m(7).
13
Suppose 0 = -m - 4*m + 25. Let s(t) = -3*t**3 - 10*t**2 + 7*t + 31. Let a(l) = 5*l**3 + 15*l**2 - 11*l - 49. Let z(y) = 5*a(y) + 8*s(y). Calculate z(m).
8
Suppose 0 = -114*c + 96*c - 126. Let b(v) = -2*v**2 - 10*v - 5. Calculate b(c).
-33
Suppose -o = g - 2, -2*o + 4*o - 2*g + 12 = 0. Let z(h) = -h**2 - 3*h + 13. Let b(a) = -3*a**2 - 8*a + 34. Let m(x) = -3*b(x) + 8*z(x). Determine m(o).
6
Let h(v) = 2*v**2 - 33*v - 108. Let l be h(19). Let u(s) = -s**3 - 15*s**2 - 24*s + 19. Calculate u(l).
-7
Let l be 2*(((-756)/(-40))/21 + (-14)/10). Let p(q) = -12*q**2 - 9*q**2 - 1 + 0. Calculate p(l).
-22
Let r(d) = d**2 - 6*d - 4. Suppose 0 = -6*n + n + 3*p + 32, 4*p = -5*n + 4. Suppose -2*s = n*f - 12, -s - 4 = 2*s - 5*f. Let w = s + 3. Calculate r(w).
-9
Suppose 0*d + 3*d = 2*a - 9, 5*a = 15. Let k(n) = 29*n + 3. Let o = 2 + 15. Let v(p) = 10*p + 1. Let j(z) = o*v(z) - 6*k(z). Calculate j(d).
3
Let s(d) = -3*d**2 + 18 + 2*d - 19 + 0*d**2 + 5*d**2. What is s(1)?
3
Let q(c) = -c**3 + c. Let u(g) = -5*g**2 + 8*g - 6. Let y(d) = -q(d) + u(d). Let i be y(2). Let w(f) = -2*f + 1. Give w(i).
9
Let h = -9 - -13. Suppose 0*b + 2*l = -h*b + 18, -b = l - 3. Let j(n) = n - 1. Determine j(b).
5
Suppose 5*u - s + 2*s - 6 = 0, -2*u + s = -1. Let i(w) = -2 + 14*w**2 + 5 - 2 + 0 - w. Determine i(u).
14
Let k(v) = 5*v + 23. Let a(q) = -8*q - 43. Let h(f) = 3*a(f) + 5*k(f). Suppose 2*t = 7*t - 35. What is h(t)?
-7
Let a(f) = -67*f**2 - 206*f - 6. Let j be a(-3). Let w(y) be the first derivative of -y**4/4 + 3*y**3 - y**2/2 + 7*y - 1. Determine w(j).
-2
Let y be ((-5)/(-4))/(3/12). Let q(v) be the second derivative of -v**5/20 + v**4/3 + 5*v**3/6 + v**2/2 - 227*v + 3. What is q(y)?
1
Let h = -4 - -9. Let d be (-5)/(-25)*35 + 1*-3. Let m(g) = d*g - 1 - h*g + 8. What is m(5)?
2
Let v(i) = 9*i**2 - 6*i**3 + 0*i**3 + 3*i**3 + 67 + 7*i - 65 + 4*i**3. What is v(-8)?
10
Let w(x) = -1056 + 18*x - 24*x + 1058. What is w(7)?
-40
Let w(q) = 307*q**2 - 5*q - 6 - 306*q**2 + 4 - 5*q + 0. Let c(j) = j**3 - 6*j**2 + 7*j - 2. Let t be c(5). Determine w(t).
-18
Let k(p) = -p - 6. Let o(i) = -16 - 16 + 45 - 12. Let c be (-9)/3 + 8/2. Let u(t) = c*k(t) + 3*o(t). Calculate u(-9).
6
Let j(g) be the second derivative of g**5/20 + 5*g**4/12 - 11*g**3/6 - 5*g**2/2 - g + 10. What is j(-7)?
-26
Suppose 15*z + 6*z = -12*z. Let s(h) = -h**3 + h**2 + h + 9. What is s(z)?
9
Let y(a) = -17*a - 11. Let l(d) = 3*d - 2. Let j(m) = -6*l(m) - y(m). Give j(14).
9
Let y(g) = -6*g**3 + g**2 - g + 1. Let w(p) = p**3 - 12*p**2 - 14*p + 13. Let h be w(13). Suppose -d + h*d + 1 = 0. Determine y(d).
-5
Let l(v) = -v**3 + 8*v**2 - 15*v + 11. Let x(a) = a**3 + 9*a**2 - 4*a - 30. Let h be x(-9). Determine l(h).
-7
Let k(w) = w**2 + 4*w. Let x be k(-4). Let i(l) = -l**2 + 7*l + 3. Let t be i(7). Let s = x - t. Let a(v) = v**3 + 3*v**2 - 2*v. What is a(s)?
6
Let x = -51 + 56. Suppose 5*k = 5*g + x, 0 = 2*g + k + 4 - 8. Let q(n) = -3*n. Determine q(g).
-3
Let b(q) = q**2 + 21*q + 57. Let g be b(-24). Suppose 4*j + g = 161. Let d(n) = -n**3 + 9*n**2 - 9*n + 4. What is d(j)?
-4
Let h be 9/(18/(-4)) + 8. Let n(v) = v**2 - 9*v - 3. Let s(d) = -d**2 + 11*d + 2. Let o(w) = 3*n(w) + 2*s(w). Give o(h).
1
Let l(b) = -b**2 + b - 24. Let h be 4/12 + 0 - 14/6. Let p be (-4 - (-2 + 0))/h + -1. Give l(p).
-24
Let j(z) = -z**2 + 5*z. Supp